he greatest common factor of a and y.
3
Suppose -3*s - 8*c = -10*c - 2254, 0 = 5*s + 4*c - 3742. Calculate the greatest common divisor of s and 6.
6
Let g(r) = r**3 - 8*r**2 - 16*r + 92. Let k be g(14). What is the greatest common divisor of k and 36?
36
Suppose -21*m + 22*m - 220 = -z, 5*m - 4*z = 1100. Calculate the highest common factor of 132 and m.
44
Let s(j) = j**2 + 8*j - 6. Let u be s(-9). Suppose -5*o = -u*b + 6*b - 35, -o - 11 = -3*b. What is the greatest common factor of 25 and b?
5
Suppose -2*z + 21 - 19 = 0. Let n = -9 + 19. Suppose -4*s - n = -26. Calculate the greatest common divisor of z and s.
1
Let n be 6/(-39) - (-162)/39. Suppose -48 = n*u - 6*u. Calculate the greatest common divisor of 16 and u.
8
Let m = -21 - -18. Let r = m - -87. What is the greatest common divisor of r and 12?
12
Let l = -1 - -3. Suppose -l*w - 196 = -4*c + 2*w, 2*w - 78 = -2*c. Let b be 5*(24/(-20) - -2). Calculate the highest common factor of b and c.
4
Let g(w) = w**2 - 4*w - 14. Let m be g(11). Let s be 52/14 - (-18)/m. Suppose -2*a + 0*a = -s. What is the greatest common divisor of 5 and a?
1
Suppose -7*w = -5*w, 0 = 4*u + w - 76. Calculate the highest common factor of 95 and u.
19
Let r be (2/(-6))/(70/(-7560)). Calculate the highest common divisor of 612 and r.
36
Suppose 0*n = 2*n - 4*k, 0 = n - 5*k + 15. Calculate the highest common divisor of 250 and n.
10
Suppose 38 = 2*a - 20. Suppose 0 = 5*g - 101 - a. Let l = 320 - 34. What is the highest common factor of l and g?
26
Let j be 3/1 - (-326 - (0 - -4)). What is the greatest common divisor of j and 37?
37
Let j be 142/568 + ((-483)/(-4))/1. Calculate the highest common divisor of 11 and j.
11
Suppose -20*r - 6 = -23*r. Let i be 10/(-15)*(-33)/r. What is the greatest common divisor of i and 99?
11
Suppose 13*g - 616 = -g. What is the greatest common factor of 40 and g?
4
Let z(n) = -n**3 + 11*n**2 + 31*n - 63. Let s be z(13). Calculate the greatest common factor of s and 38.
2
Let k(b) = 3*b**2 + 6*b - 6. Let j be k(-5). Suppose g - 149 = -5*p, g = 3*p - j - 52. Let s = 3149 + -3139. Calculate the highest common divisor of s and p.
10
Suppose -4*k + 2*b + b = -8, -b - 16 = -4*k. Suppose k*o + 40 = 235. What is the highest common factor of o and 26?
13
Let y be ((-2)/(-2) + -2)/(4/(-20)). Suppose y*r - 82 = -f, -4*f + r + 63 + 160 = 0. What is the greatest common factor of f and 19?
19
Let o(k) = -20*k - 13. Let q be o(-8). What is the greatest common factor of 63 and q?
21
Let p(i) = 12*i - 17. Let b be p(2). Suppose -3*o = -19 - 86. What is the highest common divisor of b and o?
7
Suppose -s + 45 = -4*v - 39, s - 5*v = 79. What is the highest common factor of 65 and s?
13
Suppose 3*s = 6*s - 135. What is the greatest common factor of 15 and s?
15
Let h(o) = -o**3 + 7*o**2 + 8*o - 7. Let n be h(8). Let g(y) = 2*y + 16. Let v be g(n). Calculate the greatest common divisor of 5 and v.
1
Suppose -470 = -15*k + 10. Let g = 0 + 2. Suppose b + 3*i = 23, -g*b + 4*b + 4*i - 36 = 0. Calculate the greatest common divisor of k and b.
8
Let c(s) = 2*s**2 + 70*s - 186. Let w be c(-39). What is the greatest common divisor of 7 and w?
7
Let c = 12 + -9. Suppose -c*d = -2*y, -2*y = -0*y - 2*d. Suppose y = -5*t + 5, 0 = b + 2*t + t - 20. Calculate the greatest common factor of 119 and b.
17
Let s be ((-45)/12)/(1/(-4)). Suppose -7*p = -s + 85. Let b be 2/p - 528/(-40). What is the greatest common divisor of b and 13?
13
Let u be 2/(-7) + 14625/105. Suppose w + 3*p = 62 - 5, -p + u = 3*w. Calculate the highest common divisor of w and 15.
15
Let k be (6/(-11))/(-3) - 294/(-77). Suppose k - 73 = -3*z. What is the highest common factor of z and 23?
23
Let k(v) = 3*v + 1. Let m(j) = -10*j - 4. Let l be 2/12 + 147/(-18). Let f(b) = l*k(b) - 3*m(b). Let z be f(6). What is the highest common factor of 10 and z?
10
Let d = 303 + -289. Let i(r) = 111*r**3 + r. Let x be i(1). What is the greatest common factor of d and x?
14
Suppose -11309 - 12933 = -17*p. Calculate the highest common divisor of 23 and p.
23
Let t = -1911 + 2345. What is the greatest common divisor of 42 and t?
14
Suppose -3*b + 5*b = 12. Let q be 28368/432 - (-2)/6. What is the highest common divisor of b and q?
6
Suppose 243*q = 169*q + 2960. Let c = 28 - 18. Calculate the highest common factor of c and q.
10
Let t = -16 + 16. Suppose t = 2*o + q - 12, 4*o - 2*o - q = 20. What is the highest common factor of 24 and o?
8
Let c = 17 - 7. Let a be (43/43)/(1/47). Suppose -15*r + 28 + a = 0. Calculate the highest common divisor of r and c.
5
Let a = 692 - 577. What is the highest common factor of a and 299?
23
Suppose 3*c - 113 = 127. Let q be (6/5)/(12/c). What is the greatest common factor of q and 1?
1
Let s = 3 + 5. Let y be (36/8)/9*0. Let j be 129 + y + -5 + s. What is the highest common factor of j and 12?
12
Let k = -9 - 33. Let l = k + 137. Calculate the highest common divisor of l and 38.
19
Let d be (34 - 0) + 3 + -14. Calculate the greatest common factor of d and 989.
23
Suppose 51*p = 21308 + 12913. Calculate the highest common factor of p and 22.
11
Let k be -8*1/2 - 3. Let q be (-1 - k)/(16/448). What is the highest common divisor of q and 21?
21
Let q = -70 - -40. Let y = q + 71. Calculate the greatest common divisor of y and 451.
41
Suppose 5*r - 200 = -2*g, 0*r + 293 = 3*g + 4*r. Let b(p) = -17*p - 13. Suppose 4*h = -17 + 5. Let v be b(h). What is the highest common factor of v and g?
19
Suppose -248 = -5*u + 2*c, 5*u + 5*c = -0*c + 255. Calculate the highest common factor of 950 and u.
50
Let o(a) = 2*a**3 - 9*a**2 + 3*a + 4. Let p be o(8). Suppose -3*n + p = n. Calculate the highest common divisor of 17 and n.
17
Suppose 4*q - 71 - 25 = 0. Let b = 4 + -6. Let c be 60/15 - (b - 30). Calculate the highest common factor of q and c.
12
Suppose -188*b + 533 = -175*b. Calculate the highest common factor of 1107 and b.
41
Let b = -55 + 301. Suppose 54*h - 51*h - b = 0. Calculate the highest common divisor of h and 123.
41
Let q = 119 - 110. What is the greatest common divisor of q and 288?
9
Let w(r) = -4*r + 11. Let m be w(-4). Calculate the greatest common factor of 6 and m.
3
Let c be 2/(-4) + 5/10. Suppose -6*n + 3*n + 66 = c. Suppose 0 = -z + 3*z - 4*h - 76, 4*h = 12. What is the highest common factor of n and z?
22
Let i be (-15)/(-2)*(-4)/(-6). Suppose -b = -4 - i. What is the highest common divisor of b and 9?
9
Let v(u) = 7*u - 45. Let g be v(7). Let c = -4 + 7. Suppose c*r - 94 = 2. Calculate the greatest common divisor of r and g.
4
Suppose 101*o + y + 845 = 103*o, 5*o + y - 2116 = 0. What is the highest common factor of 47 and o?
47
Suppose 25 = 5*i, 0 = -11*f + 7*f + 5*i + 63. Calculate the highest common factor of f and 88.
22
Let d = -1774 - -2401. What is the greatest common factor of 228 and d?
57
Let h be 1 + 35/(5 + 0). Let m be h/(2/((-672)/(-4))). Suppose 12*a - m = 8*a. What is the greatest common factor of 21 and a?
21
Let o be (4/((-40)/86))/(14/(-70)). Calculate the highest common divisor of 344 and o.
43
Let u be 267/6 + 1/2. Suppose 0 = 3*w, u = 5*a + 2*w - w. What is the highest common factor of 45 and a?
9
Let k = 50 + -35. Suppose -2*w + 10 = 3*r, -3*w + r + k = -2*r. Calculate the greatest common divisor of 40 and w.
5
Let f be 2 + 6*2/4. Suppose 0 = -i + 3*g + 40, -2*i - f*g + 19 + 17 = 0. Let t = i - 16. Calculate the highest common divisor of 84 and t.
12
Suppose 4*m + 56 = -0*q + 4*q, 0 = 4*q - 5*m - 59. Suppose -7*c + 3*c + 4*w = -224, -3*w = 3. Calculate the greatest common factor of q and c.
11
Let o = -156 - -178. Calculate the highest common divisor of 14 and o.
2
Let s be (82/4)/((-12)/(-24)). Let r = -30 + s. Calculate the highest common divisor of 1 and r.
1
Let p be (5 - 5) + (-5 - -1). Let u be 12*p/(-12) - -1. Calculate the greatest common divisor of u and 35.
5
Let s(k) = k**3 + 10*k**2 - 6*k - 9. Let n be s(-10). Suppose f - 129 - n = 0. Suppose 2*x - f = -0*x. Calculate the highest common divisor of x and 9.
9
Let u(b) = b**2 - b + 3. Let l(i) = -2*i**3 + 8*i**2 - 2. Let c be l(4). Let s be u(c). What is the highest common factor of s and 6?
3
Suppose 4*v + 1435 = 2*w + 79, 0 = 4*w - 4*v - 2708. Calculate the greatest common divisor of 13 and w.
13
Let k(p) be the first derivative of -9*p*